 = 3*h**3 - 27*h**2 + 24*h - 11. What is d(8)?
-11
Let u(p) = -16*p - 70. Calculate u(-4).
-6
Let n(w) = -5*w - 380. Determine n(-75).
-5
Let l(v) = -2*v**2 - 33*v - 105. Calculate l(-10).
25
Let i(k) = -117*k + 1947. Calculate i(16).
75
Let n(a) = 2*a**2 + 82*a - 47. Give n(-42).
37
Let p(j) = 335*j + 324. What is p(-1)?
-11
Let s(h) = -h**3 - 15*h**2 - 45*h + 9. What is s(-7)?
-68
Let d(t) = 37*t - 458. What is d(7)?
-199
Let d(o) = -24*o - 29. What is d(-15)?
331
Let w(n) = -88*n**2 + 19*n - 3. What is w(-1)?
-110
Let t(o) = -240*o + 2912. Give t(12).
32
Let a(r) = -r**2 - 13*r + 54. Calculate a(-17).
-14
Let o(u) = u**3 - 8*u**2 - 31*u + 231. Determine o(6).
-27
Let o(s) = -6*s**3 - 6*s**2 - 55*s - 216. What is o(-5)?
659
Let h(d) = -16*d**3 + 5*d**2 - d. Calculate h(2).
-110
Let v(c) = 8*c**2 + c + 32. Determine v(-8).
536
Let d(k) = -k**2 + 5*k - 90. Calculate d(15).
-240
Let r(w) = -3*w**2 - 66*w - 399. Give r(-12).
-39
Let h(w) = w**3 + 20*w**2 + 24*w - 15. Determine h(-2).
9
Let u(i) = 16*i**2 - 408*i + 130. Give u(25).
-70
Let v(w) = 28*w**2 + 196*w + 14. What is v(-7)?
14
Let a(r) = 12*r**3 + 90*r**2 + 5*r + 9. Give a(-6).
627
Let g(o) = 2*o**3 - 58*o**2 - 5*o + 151. Determine g(29).
6
Let m(l) = -33*l - 130. Determine m(-7).
101
Let w(p) = -2*p**3 - 106*p**2 + 111*p + 239. Give w(-54).
77
Let g(z) = -44*z + 2298. What is g(51)?
54
Let t(h) = -19*h**2 + 118*h + 21. Give t(7).
-84
Let w(r) = -r**3 - 2*r**2 + 149*r + 11. What is w(-13)?
-67
Let h(d) = -7*d**2 - 78*d + 460. What is h(6)?
-260
Let m(f) = f**2 + 888*f + 33110. Calculate m(-39).
-1
Let s(f) = 3*f**3 - 20*f**2 + 94*f - 702. Determine s(7).
5
Let d(n) = -n**2 - 11*n + 46. What is d(-14)?
4
Let f(j) = -407*j + 65. Determine f(1).
-342
Let i(m) = 45*m + 595. What is i(-13)?
10
Let g(a) = -574*a - 5168. Determine g(-9).
-2
Let h(n) = 2*n - 212. Give h(18).
-176
Let x(y) = -2*y**3 + 83*y**2 - 42*y + 22. What is x(41)?
-19
Let v(p) = 33*p + 627. What is v(-19)?
0
Let q(d) = -d**3 - 330*d**2 + 1673*d + 15. Determine q(5).
5
Let r(p) = 1833*p + 14666. Calculate r(-8).
2
Let u(n) = -n**2 - 57*n - 505. What is u(-48)?
-73
Let o(q) = 48*q**3 + 6*q**2 - 12*q - 4. Calculate o(2).
380
Let f(l) = l**3 - 21*l**2 + l - 35. Determine f(21).
-14
Let w(p) = -6*p**2 + 150*p - 894. What is w(10)?
6
Let p(y) = y**3 - 3*y**2 - 57*y + 171. What is p(3)?
0
Let i(x) = -13*x + 49. Calculate i(1).
36
Let l(i) = i**2 - 482*i - 11093. Calculate l(-22).
-5
Let j(p) = p**2 - 72*p - 737. What is j(81)?
-8
Let p(h) = -h**3 - h**2 - 15*h + 114. Give p(0).
114
Let v(w) = -274*w + 49861. Give v(182).
-7
Let m(b) = 72*b + 594. Give m(-6).
162
Let c(r) = r**3 - 18*r**2 - 406*r + 93. What is c(31)?
0
Let f(o) = 837*o - 7472. Calculate f(9).
61
Let k(d) = -d**3 - 3*d**2 + 23*d + 75. Calculate k(-3).
6
Let u(f) = 95*f - 1131. Determine u(12).
9
Let z(x) = 4*x**2 + 55*x + 134. Determine z(-3).
5
Let u(q) = -2*q**3 - 51*q**2 - 73*q + 20. What is u(-24)?
44
Let w(y) = -8*y**2 + 5*y + 1. Give w(-1).
-12
Let s(b) = b**3 - 15*b**2 - 176*b + 2081. Calculate s(9).
11
Let q(r) = -2*r**2 + 17*r + 337. Determine q(17).
48
Let m(s) = 54*s + 173. Determine m(-4).
-43
Let q(p) = 21*p - 1139. What is q(50)?
-89
Let s(q) = -q**3 + 11*q**2 + 50*q - 9. What is s(14)?
103
Let b(i) = -2*i**2 + 3*i + 252. Calculate b(-16).
-308
Let h(b) = 4*b**3 - 11*b**2 - 168*b + 345. What is h(2)?
-3
Let r(a) = a**3 + 20*a**2 + 40*a - 13. Calculate r(-18).
-85
Let v(c) = 5*c**3 + 94*c**2 - 22*c - 49. Determine v(-19).
8
Let z(n) = -4*n - 19. What is z(8)?
-51
Let l(t) = -141*t + 1807. What is l(13)?
-26
Let m(a) = -4*a**2 - 109*a - 240. Determine m(-24).
72
Let m(a) = -414*a - 4968. What is m(-12)?
0
Let l(a) = 1240*a + 8701. Give l(-7).
21
Let o(b) = -b**2 + 51*b - 33. What is o(47)?
155
Let j(p) = -p**3 + 74*p**2 + p - 61. What is j(74)?
13
Let o(k) = -5652*k + 56477. Determine o(10).
-43
Let l(g) = -303*g - 9700. What is l(-32)?
-4
Let s(w) = 10*w**3 + 89*w**2 - 15*w - 54. Determine s(-9).
0
Let h(d) = -53*d**2 + 8*d - 2. Give h(-1).
-63
Let b(h) = -3*h**2 - 772*h + 3938. What is b(5)?
3
Let u(w) = 117*w - 7871. Calculate u(68).
85
Let w(o) = -7*o**2 - 41*o + 197. Calculate w(5).
-183
Let s(a) = a**3 + 11*a**2 - 3*a + 114. Calculate s(-12).
6
Let y(u) = u**3 - 9*u**2 - 6*u + 30. Give y(9).
-24
Let a(x) = -43*x - 454. Give a(-10).
-24
Let f(o) = -3*o**2 + 31*o + 21. Determine f(14).
-133
Let q(o) = -132*o - 1464. What is q(-11)?
-12
Let i(m) = m**2 - 28*m + 85. Calculate i(6).
-47
Let c(q) = -q**2 - 2*q - 26. Give c(-3).
-29
Let w(m) = m**3 + 12*m**2 + 27*m + 181. What is w(-11)?
5
Let x(z) = -36*z - 71. Determine x(1).
-107
Let v(l) = l**3 + 8*l**2 - 16*l - 144. What is v(-6)?
24
Let g(b) = 7*b**2 - 98*b + 106. Calculate g(17).
463
Let d(f) = 275*f**2 + 2229*f + 237. Calculate d(-8).
5
Let t(m) = 22319*m + 200857. What is t(-9)?
-14
Let x(d) = -626*d - 3739. Determine x(-6).
17
Let m(r) = 2*r**3 + 11*r**2 + 3*r - 13. Calculate m(-4).
23
Let z(v) = -v**3 + 42*v**2 - 2*v + 88. Give z(42).
4
Let o(v) = -61*v + 65. What is o(-2)?
187
Let t(y) = -48*y + 276. What is t(12)?
-300
Let f(i) = 20*i**3 + i**2 + 6*i + 6. Calculate f(-2).
-162
Let x(v) = -26*v**2 + 25*v + 2. What is x(1)?
1
Let i(q) = q**3 - 93*q**2 - 112*q + 1694. What is i(94)?
2
Let i(w) = -w**2 - 111*w - 2993. Calculate i(-52).
75
Let v(w) = 22*w**2 - 10*w + 11. What is v(0)?
11
Let x(w) = -w**3 - 17*w**2 - 46*w + 103. Calculate x(-8).
-105
Let x(n) = n**2 - 99*n - 12830. Give x(173).
-28
Let m(f) = -2*f**2 + 29*f + 67. What is m(-2)?
1
Let f(d) = 219*d + 6571. What is f(-30)?
1
Let y(u) = -2*u**2 + 2*u - 97. What is y(-9)?
-277
Let o(n) = -110*n + 519. Determine o(6).
-141
Let i(t) = -t**3 - 2*t**2 + 35*t - 97. Give i(-8).
7
Let s(z) = -z**3 - 32*z**2 - 27*z - 1980. Give s(-33).
0
Let d(p) = -p**2 + 9*p + 11. Give d(-5).
-59
Let y(w) = 3255*w + 6512. Calculate y(-2).
2
Let i(w) = -w**3 - 3*w**2 + 32*w + 120. What is i(-4)?
8
Let g(t) = -26*t - 28. What is g(4)?
-132
Let x(l) = l**3 + 9*l**2 - 24*l - 135. Calculate x(-10).
5
Let q(f) = -7*f**2 + 320*f - 235. Calculate q(45).
-10
Let h(s) = -s**3 + 5*s**2 + 33*s + 2. Give h(9).
-25
Let h(k) = k**3 - 3*k**2 + 34*k - 104. Calculate h(3).
-2
Let r(b) = b**2 - 34*b + 274. Give r(21).
1
Let p(a) = -2708*a + 40614. Calculate p(15).
-6
Let r(w) = 483*w**3 - 3*w**2 + 6*w - 3. Determine r(1).
483
Let j(k) = 11*k**3 + 42*k**2 + 89*k - 4. Calculate j(-3).
-190
Let a(i) = 16*i - 139. What is a(5)?
-59
Let c(d) = -241*d - 174. What is c(-1)?
67
Let a(y) = -y**2 - 85*y - 615. What is a(-77)?
1
Let j(p) = -2*p**2 - 20*p + 207. Determine j(23).
-1311
Let h(c) = -89*c - 128. Calculate h(-4).
228
Let n(t) = t**2 - 36*t + 279. Give n(11).
4
Let m(h) = -48*h - 1072. What is m(-24)?
80
Let r(p) = -227*p + 2225. Give r(10).
-45
Let h(m) = -8*m + 52. Give h(-13).
156
Let n(f) = -4*f**2 + 9*f - 391. Give n(10).
-701
Let b(v) = -98*v + 14006. Give b(142).
90
Let s(h) = -23*h - 65. Give s(14).
-387
Let k(w) = 2*w**2 - 27*w - 93. What is k(-7)?
194
Let w(r) = 3*r**2 + 8*r - 3. Give w(-8).
125
Let q(t) = -7*t**3 + 402*t**2 + 231*t + 61. What is q(58)?
3
Let l(o) = 4*o + 41. Determine l(-9).
5
Let s(v) = -3*v**2 - 170*v - 1988. Calculate s(-40).
12
Let z(i) = -78*i - 242. Determine z(-3).
-8
Let i(l) = -5*l**2 + 373*l - 1619. Determine i(70).
-9
Let g(k) = 47*k + 458. Calculate g(-4).
270
Let o(m) = -m**2 - 110*m - 2973. Give o(-61).
16
Let x(t) = -312*t**2 - 14*t. What is x(1)?
-326
Let w(d) = -d**2 - 53*d + 6601. What is w(59)?
-7
Let u(w) = -614*w - 15373. What is u(-25)?
-23
Let p(n) = -6*n**3 + 28*n**2 - 17*n + 1. Determine p(4).
-3
Let r(l) = -l**2 + 19*l - 49. Determine r(7).
35
Let f(r) = r**3 + 11*r**2 - 575*r - 5659. Determine f(-10).
191
Let v(k) = 35*k + 1011. Give v(-27).
66
Let v(j) = j**3 - 9*j**2 - 25*j + 106. Determine v(11).
73
Let w(s) = 5*s**3 + 86*s**2 + 16*s - 27. Determine w(-17).
-10
Let n(c) = 2*c**2 + 35*c + 217. What is n(-10)?
67
Let b(v) = 1082*v + 3252. Give b(-3).
6
Let c(s) = -11*s**2 + 17*s. Determine c(3).
-48
Let s(d) = -2*d**2 - 50*d - 47. Calculate s(-24).
1
Let o(q) = -24*q - 213. Give o(-7).
-45
Let n(t) = -2*t**3 + 33*t**2 - 97*t + 1301. Calculate n(16).
5
Let g(n) = 4*n**2 + 3*n - 4. Calculate g(-2).
6
Let g(d) = d**3 - 54